{"id":157,"date":"2018-08-26T10:55:47","date_gmt":"2018-08-26T08:55:47","guid":{"rendered":"http:\/\/emoteam.fr\/?page_id=157"},"modified":"2018-08-26T11:29:13","modified_gmt":"2018-08-26T09:29:13","slug":"paris-diabete","status":"publish","type":"page","link":"https:\/\/emoteam.fr\/index.php\/consultations-en-dietetique-et-nutrition\/paris-diabete\/","title":{"rendered":"Paris Diab\u00e8te"},"content":{"rendered":"<p><span style=\"font-family: courier new;\">Ateliers de groupe et consultations gratuits pour les patients atteints de diab\u00e8te de type 1 ou 2, dans une d\u00e9marche d\u2019\u00e9ducation th\u00e9rapeutique.<\/span><\/p>\n<p><span style=\"font-family: courier new;\">Uniquement apr\u00e8s acceptation et validation du dossier par l\u2019\u00e9quipe m\u00e9dicale du r\u00e9seau.<\/span><\/p>\n<p>Site internet :\u00a0<a href=\"https:\/\/www.paris-diabete.com\/\" target=\"_blank\" rel=\"noopener\">paris-diabete.com<\/a><\/p>\n","protected":false},"excerpt":{"rendered":"<p>Ateliers de groupe et consultations gratuits pour les patients atteints de diab\u00e8te de type 1 ou 2, dans une d\u00e9marche d\u2019\u00e9ducation th\u00e9rapeutique. Uniquement apr\u00e8s acceptation et validation du dossier par l\u2019\u00e9quipe m\u00e9dicale du r\u00e9seau. Site internet :\u00a0paris-diabete.com<\/p>\n","protected":false},"author":1,"featured_media":0,"parent":110,"menu_order":3,"comment_status":"closed","ping_status":"closed","template":"","meta":[],"_links":{"self":[{"href":"https:\/\/emoteam.fr\/index.php\/wp-json\/wp\/v2\/pages\/157"}],"collection":[{"href":"https:\/\/emoteam.fr\/index.php\/wp-json\/wp\/v2\/pages"}],"about":[{"href":"https:\/\/emoteam.fr\/index.php\/wp-json\/wp\/v2\/types\/page"}],"author":[{"embeddable":true,"href":"https:\/\/emoteam.fr\/index.php\/wp-json\/wp\/v2\/users\/1"}],"replies":[{"embeddable":true,"href":"https:\/\/emoteam.fr\/index.php\/wp-json\/wp\/v2\/comments?post=157"}],"version-history":[{"count":8,"href":"https:\/\/emoteam.fr\/index.php\/wp-json\/wp\/v2\/pages\/157\/revisions"}],"predecessor-version":[{"id":197,"href":"https:\/\/emoteam.fr\/index.php\/wp-json\/wp\/v2\/pages\/157\/revisions\/197"}],"up":[{"embeddable":true,"href":"https:\/\/emoteam.fr\/index.php\/wp-json\/wp\/v2\/pages\/110"}],"wp:attachment":[{"href":"https:\/\/emoteam.fr\/index.php\/wp-json\/wp\/v2\/media?parent=157"}],"curies":[{"name":"wp","href":"https:\/\/api.w.org\/{rel}","templated":true}]}}